
Is 591067783 a prime number?
True
Is 320087221 composite?
False
Is 585823963 a composite number?
True
Is 975767371 composite?
False
Is 5092021621 prime?
True
Is 1832783851 composite?
False
Is 7545160769 prime?
False
Is 535710229 composite?
True
Is 1499310809 a composite number?
False
Is 2685842357 prime?
False
Is 59659689059 composite?
False
Is 21205532455 prime?
False
Is 48749656381 composite?
True
Is 504380671 composite?
True
Is 254011201 a prime number?
True
Is 367097407949 prime?
True
Is 294932689 a prime number?
False
Is 8105864983 composite?
True
Is 441867863 a composite number?
True
Is 221522321 prime?
False
Is 992943169 a prime number?
True
Is 4874070041 prime?
False
Is 22938216211 composite?
True
Is 11886017783 composite?
False
Is 49036165951 a composite number?
True
Is 221702347 composite?
False
Is 2732877997 a prime number?
False
Is 18455347409 a prime number?
True
Is 158071001735 composite?
True
Is 24008722945 prime?
False
Is 20240252789 a prime number?
False
Is 61254924349 prime?
True
Is 15066094721 a composite number?
True
Is 8268838211 a prime number?
True
Is 572279257 prime?
False
Is 73614062411 a composite number?
False
Is 595198321 prime?
False
Is 1271242151 prime?
True
Is 2828935491 prime?
False
Is 455917931 a composite number?
True
Is 4885799873 a composite number?
False
Is 421364101 prime?
False
Is 16252075657 composite?
True
Is 8130735923 prime?
True
Is 250798531 a composite number?
False
Is 29202809 a prime number?
True
Is 111998239459 a prime number?
False
Is 645214282 composite?
True
Is 16738977167 a composite number?
True
Is 659418017 composite?
True
Is 15215840869 prime?
True
Is 406914833 a prime number?
False
Is 78142189 a prime number?
False
Is 13135889729 a prime number?
False
Is 2568758681 a composite number?
True
Is 6167761603 composite?
False
Is 1012940363 a prime number?
False
Is 48669671119 a composite number?
False
Is 1270095549 composite?
True
Is 3141901289 prime?
True
Is 121443929 composite?
True
Is 650801633 a prime number?
False
Is 14051945771 prime?
True
Is 1389077714 a composite number?
True
Is 418166081 prime?
False
Is 191169631 composite?
True
Is 23184219151 a prime number?
True
Is 2595809617 prime?
True
Is 160378921 a composite number?
True
Is 9814881721 a composite number?
True
Is 888434717 prime?
True
Is 42480798821 a composite number?
True
Is 56393380457 a prime number?
True
Is 3739470151 a prime number?
True
Is 1790399851 a prime number?
True
Is 47994086857 a composite number?
True
Is 55362658181 a composite number?
False
Is 1634550277 a prime number?
True
Is 316241299489 composite?
True
Is 7258423777 a composite number?
True
Is 1178721721 a composite number?
True
Is 2359350053 a composite number?
False
Is 30020051463 a composite number?
True
Is 5862792811 a prime number?
False
Is 924689741 a composite number?
False
Is 13369261177 a prime number?
True
Is 25041752083 composite?
False
Is 99248708719 prime?
False
Is 1598041487 prime?
False
Is 48182107517 composite?
True
Is 3894511273 a composite number?
False
Is 11626390469 a prime number?
False
Is 42054133453 a prime number?
True
Is 16814830601 prime?
True
Is 532072291 composite?
False
Is 11639960705 a prime number?
False
Is 14076795973 a prime number?
True
Is 1743384787 composite?
True
Is 2064218243 a prime number?
True
Is 21978157829 a composite number?
True
Is 4860598807 a prime number?
True
Is 519765887 a prime number?
True
Is 2635838351 a composite number?
True
Is 2903207227 composite?
False
Is 1146490097 a composite number?
False
Is 569623253 a prime number?
False
Is 8050631521 composite?
True
Is 253505747671 a prime number?
False
Is 1280051089 a composite number?
False
Is 5352850483 a composite number?
True
Is 14124567829 composite?
False
Is 982963367 prime?
False
Is 1370552417 composite?
True
Is 837475289 a prime number?
False
Is 30452846341 a composite number?
True
Is 2123980637 composite?
False
Is 2208133493 prime?
True
Is 36236317553 prime?
False
Is 15276734717 composite?
True
Is 22104972287 a prime number?
False
Is 123496661 composite?
False
Is 2647111741 composite?
True
Is 503788069 a composite number?
False
Is 44214277049 prime?
True
Is 131320702847 prime?
True
Is 647294939 composite?
False
Is 4856104177 prime?
True
Is 2438995063 a prime number?
False
Is 17673964079 a prime number?
True
Is 1580820331 a prime number?
True
Is 6513408807 composite?
True
Is 3812627687 composite?
True
Is 44755943423 composite?
False
Is 34817071 prime?
False
Is 535117151 a prime number?
True
Is 64128941 a prime number?
True
Is 9267620783 prime?
True
Is 2965505939 a composite number?
True
Is 83219326319 composite?
False
Is 36710984477 prime?
False
Is 2759834221 a composite number?
True
Is 62631979103 a prime number?
True
Is 332540323 composite?
False
Is 237060349 a prime number?
True
Is 482632577 prime?
False
Is 1552229881 prime?
True
Is 61850237797 prime?
True
Is 1602425381 composite?
False
Is 3644124713 a composite number?
True
Is 65026948853 composite?
False
Is 17889071267 a composite number?
False
Is 7306081729 a composite number?
False
Is 9758343289 a composite number?
False
Is 11736666341 a composite number?
False
Is 1297395518 a composite number?
True
Is 106336573033 a prime number?
False
Is 59806127033 prime?
False
Is 9687000487 composite?
True
Is 10129966667 a composite number?
False
Is 344338047553 prime?
False
Is 644430967 prime?
False
Is 1955380237 composite?
True
Is 480341549 prime?
False
Is 1780833731 a prime number?
False
Is 8822235445 a composite number?
True
Is 21315721561 a prime number?
True
Is 89588269 a composite number?
True
Is 269465957 composite?
False
Is 3228907663 prime?
False
Is 2128616593 a prime number?
True
Is 65366501873 a prime number?
False
Is 445503493 a prime number?
True
Is 24815591 a prime number?
False
Is 35939933 a prime number?
True
Is 883844497 composite?
True
Is 1337061881 prime?
True
Is 12545259383 prime?
True
Is 36581272031 a prime number?
True
Is 136101702859 composite?
False
Is 13056928957 a prime number?
True
Is 4588863371 a composite number?
False
Is 6050049163 a composite number?
True
Is 20195653721 composite?
True
Is 5015263249 a composite number?
True
Is 10509344983 a composite number?
False
Is 1809217073 composite?
True
Is 21446139289 a prime number?
False
Is 11624453413 prime?
False
Is 103036755713 prime?
True
Is 33858431209 a prime number?
False
Is 34309747763 a prime number?
False
Is 3192164237 prime?
False
Is 228509797 prime?
False
Is 80751119 composite?
True
Is 53267288689 prime?
False
Is 61812973 prime?
False
Is 246973147 a prime number?
False
Is 64731134653 composite?
False
Is 15354068239 a prime number?
False
Is 856411121 a prime number?
True
Is 2095022543 a prime number?
True
Is 720192719 a prime number?
True
Is 468779889 a prime number?
False
Is 43260169279 prime?
True
Is 280794323 prime?
True
Is 2688956905 a composite number?
True
Is 14465437871 composite?
False
Is 555186743 composite?
False
Is 682043007 composite?
True
Is 123600247 prime?
False
Is 12771534757 a composite number?
False
Is 1553661533 prime?
True
Is 16979584907 a composite number?
False
Is 11793563801 composite?
False
Is 33815684621 a prime number?
False
Is 8035824899 prime?
True
Is 6575552521 a composite number?
True
Is 901515007 composite?
False
Is 56426497 a prime number?
False
Is 30339796195 a prime number?
False
Is 41181697 a composite number?
False
Is 1962704021 prime?
False
Is 63779183179 prime?
True
Is 10498139 a composite number?
False
Is 25608572767 prime?
True
Is 2286214867 composite?
True
Is 22185706957 prime?
True
Is 2278102273 a composite number?
True
Is 2835091661 composite?
False
Is 7908600459 a prime number?
False
Is 293168947 a composite number?
False
Is 905725153 a prime number?
True
Is 3582277541 composite?
True
Is 1264968143 composite?
False
Is 4940483459 prime?
False
Is 9392728985 prime?
False
Is 2304958577 a composite number?
True
Is 13643024179 a prime number?
True
Is 3981337187 a prime number?
True
Is 3025794533 prime?
False
Is 81043421367 a composite number?
True
Is 30928220573 a composite number?
True
Is 15063864253 a composite number?
False
Is 35483651947 composite?
True
Is 10113526039 a prime number?
True
Is 1048252157 a prime number?
True
Is 6794448977 prime?
True
Is 3077775491 a prime number?
F